it of k?
9
Let k(i) = i**2 - i + 8. Let l be k(0). Let y be 8 + 6 + 2 + -4 + -1. Suppose -216 = -y*s + l*s. What is the units digit of s?
2
What is the thousands digit of (-6)/27 + 7108588/774?
9
Suppose 4*a - 2*b + 5*b = -14028, -14036 = 4*a + b. What is the tens digit of -1 - a/(-12)*-2?
8
Let l(r) = -96*r**3 - 25*r**2 - 87*r - 25. What is the thousands digit of l(-8)?
8
Let d = 96 + -24. Suppose 480 = 80*y - d*y. What is the units digit of y?
0
Let b = 24548 - 15042. What is the tens digit of b?
0
Let r be -1 + 4/2 + 2. Let n(v) be the third derivative of 7*v**5/30 - 5*v**4/24 + v**3 - 620*v**2. What is the units digit of n(r)?
7
Let d(f) = f**3 + f + 8. Let g be d(0). Suppose 3*w = g + 61. Let t = w + 66. What is the units digit of t?
9
Let d(g) = -g**3 - 8*g**2 + g + 15. Let f be d(-8). Suppose 532 = 11*b - f*b. Suppose 0 = -3*c + b + 197. What is the hundreds digit of c?
1
Suppose -10*o = -22*o - 1152. Let b = o - -476. What is the tens digit of b?
8
Let x(b) be the first derivative of 1/3*b**3 + 7*b + 5/2*b**2 - 14. What is the units digit of x(-5)?
7
What is the units digit of (-3 + 1/(-2))/((-9770)/1220 + 8)?
7
Let s = 7057 + -409. What is the hundreds digit of s?
6
Let x be -51259 + (8 - 9) + 5. What is the thousands digit of 4 + -2 - x/51?
1
Suppose 29*z = 27*z. Suppose z = -4*n - 3*p + 1 - 330, n = 4*p - 106. Let a = n - -107. What is the tens digit of a?
2
Let s = 29622 - 27253. What is the units digit of s?
9
Let j = -1186 + 1185. Let g(x) = 2*x**2 + 3*x - 4. Let i be g(3). Let n = i - j. What is the tens digit of n?
2
Suppose 21*h = -315*h + 33*h + 1910718. What is the units digit of h?
6
Let q = 42 + -32. Let o be 9/15 - (-3494)/q. Let l = o + -195. What is the tens digit of l?
5
Let d(x) = 4*x**2 + 37*x - 208. Let u be d(5). Let l be 446/(-8)*(-8)/2. Suppose -u - l = -3*t. What is the units digit of t?
0
Let p(j) = -j - 4*j + j**3 + 0*j + 2. Let b be p(2). Suppose -3*m + w + 702 = -b*w, -4*w = -m + 245. What is the hundreds digit of m?
2
Let n(b) = 54*b + 8. Let p be (1/3)/((-5)/60). Let h be n(p). What is the tens digit of h/(-32)*(-1 - -29)/2?
9
Let m = 2 - -5. Let c(g) = g**3 + g**2 - 8*g + 8. Let f be c(m). What is the units digit of -15*(2 + (f/20)/(-2))?
9
Suppose 707*q - 572*q - 396765 = 0. What is the thousands digit of q?
2
Let a = -392 - -436. Suppose 4*u = -4*h + 3648, -h - a*u + 46*u + 924 = 0. What is the hundreds digit of h?
9
Let o(b) = 4*b**2 + 76*b + 97. What is the thousands digit of o(29)?
5
Let k = -18 - -21. Suppose 0 = k*y - 3*o - 274 + 4, 4*o = -y + 80. Let c = 142 - y. What is the tens digit of c?
5
Suppose 176*j = 173*j + 4*g + 3969, -j = -g - 1323. What is the tens digit of j?
2
Suppose 14*o = 7*o + 91. Let u(x) = o*x - 41*x + 10 + 5 - 69*x. What is the hundreds digit of u(-2)?
2
Suppose 66275 = -13*h + 18279. Let t = h + 6077. Suppose 5*k - 14*k + t = 0. What is the units digit of k?
5
Suppose 2*z + 0*z = 796. Suppose -u - z = 4*h, -3*u - 92 = h + u. Let v = h + 199. What is the units digit of v?
9
What is the thousands digit of (-84)/(-70) - (185574/(-15))/2?
6
Let l = 42906 + -26631. What is the ten thousands digit of l?
1
Suppose 0 = 38*i - 585901 - 65913. What is the units digit of i?
3
Let z(n) = -n**3 - 5*n**2 - 5*n - 2. Let h be z(-4). Suppose -h*d - u = -0*u - 1064, 5*d = 4*u + 2634. What is the hundreds digit of d?
5
Suppose -70*v - 38*v + 2103000 = 12*v. What is the units digit of v?
5
Suppose 7*v - 42 = v. Let l(s) = 3*s + v*s + 3*s + 16 - 6. What is the units digit of l(5)?
5
Let s(y) = -2*y**3 + 33*y**2 - 12*y + 17. Let n be s(14). Suppose 2*w - 331 = t - n, 2*t = 2*w + 1002. What is the tens digit of t?
0
Let b(y) = 52 - 20 - y + 96*y. Let p be b(16). Suppose p = 12*s - 284. What is the units digit of s?
3
Suppose -4*s - 3 = -7*d + 4*d, 0 = d - s - 1. What is the hundreds digit of (-4 - (d - 3)) + 562 - 2?
5
Suppose 0 = -2*d + 4*h + 188, -3*d + 276 = -h - 1. What is the tens digit of 82 - d/(-115)*10/(-4)?
8
Let a = 19141 + -6492. What is the hundreds digit of a?
6
Suppose -9*t = -11*t + 6. Suppose -t*r - 329 = -p, 0*p + 3*p = -4*r + 935. What is the hundreds digit of p?
3
Let n(r) = -13*r + 8. Let f(g) = 7*g - 4. Let m(k) = 5*f(k) + 3*n(k). Let s be -6 + (-1098)/(-162) + (-2)/(-9) - 21. What is the units digit of m(s)?
4
Let b(z) = z**2 - 4*z - 3. Let y be b(5). Suppose -y*q + 54 = -228. What is the tens digit of q?
4
Suppose -5*h - 8 = -7*h. Suppose -h*y = 2*y + 48. What is the hundreds digit of 2*((-588)/y + (1 - 3))?
1
Let h(y) = -55*y - 111. Let w be h(-15). Suppose 4*a = -2*i - i + w, 4*i - 965 = -a. What is the tens digit of i?
4
Suppose 5*v = -144*o + 149*o + 7235, -o = -4*v + 5776. Suppose 1450*g = v*g + 1162. What is the tens digit of g?
6
Suppose 5*j + 5*p + 30 = 0, 2*j - 29*p = -34*p - 18. What is the tens digit of (-1)/((-18)/11529)*j/(-6)?
2
Let i = 669 + -355. Suppose -4*d = -8*d - 620. Let u = i + d. What is the hundreds digit of u?
1
Let o = 2546 - 930. What is the hundreds digit of (1 - o/(-10))/(6/30)?
8
Let o = -85 - -90. Suppose p + 0*j - j - 387 = 0, -o*j = 5*p - 1985. What is the hundreds digit of p?
3
Let y(k) be the third derivative of -13*k**5/40 - 13*k**4/24 + 5*k**3/2 + 8*k**2. Let f(o) be the first derivative of y(o). What is the units digit of f(-4)?
3
Suppose -26*m + 435 = -11*m. Let r be ((-8)/(-10))/((-2)/(-55)). Suppose m*f - 588 = r*f. What is the units digit of f?
4
Suppose -2*o + 4861 + 78177 = 5*k, 4*k - 166052 = -4*o. What is the units digit of o?
9
Suppose -240 = -6*q + 84. Let t(f) = 12*f**2 + 54*f - q*f + 5. What is the units digit of t(3)?
3
Suppose -611 - 127 = -2*h. Suppose 0 = 5*k - 4*k - h. What is the hundreds digit of k?
3
What is the units digit of (((-112770)/24)/35)/(1/(1240/(-6)))?
5
Suppose 44*p = 5*a + 43*p - 116326, 4*a = -4*p + 93056. What is the units digit of a?
5
Let c be (-30)/7*(13 - 55). Suppose j + 2*j = -3, c = -3*i + 3*j. Let p = -14 - i. What is the units digit of p?
7
Let g = -84 + 142. Let i be ((-3219)/g)/((-3)/4). What is the tens digit of (i/3)/((-50)/(-75))?
3
Let l be (-2)/3 - 51/(-9). Suppose -l*v + 344 = -196. What is the units digit of v?
8
Let t = 9325 + -5589. What is the units digit of t?
6
Let x(m) = 41*m + 165. Let i be x(-4). What is the units digit of -1 - i/(((-7)/(-383))/(-7))?
2
Let a be (-6)/(-12) - -3*21/6. Suppose 14*u = a*u + 489. What is the units digit of u?
3
Let i(b) = 23*b**2 - 153*b + 150. What is the hundreds digit of i(35)?
9
Suppose -11*v + 264883 + 11668 = 0. What is the thousands digit of v?
5
Let i be 63/9*((-14)/(-294))/(1/6). Suppose 0 = -2*s + 4*y + 596, 1508 = 3*s + 2*s - 4*y. What is the tens digit of (i + -3)/(2 - 610/s)?
5
Let z(b) = 3*b**2 + 3*b + 1668. Let v be z(0). Suppose -2*m - v = -4*p, -p - 6*m + 8*m = -411. What is the hundreds digit of p?
4
Suppose -101643 + 90306 = 26*z - 324559. What is the ten thousands digit of z?
1
Let l be 2/4 + 17/2. Let j(n) be the first derivative of n**3/3 - n**2 + 4*n - 2473. What is the units digit of j(l)?
7
Let b be (-60)/(-8)*(-3 + -2 + -1). What is the units digit of 6 - ((-939)/27 + 10/b)?
1
Suppose p + 2 = -0*p, -4*s + 188 = -4*p. Suppose -q + 3 = -s. Suppose -53*u = -q*u - 340. What is the units digit of u?
8
Let t = -194 - -180. What is the hundreds digit of (0 - 1758/t) + 56/(-98)?
1
Let n(v) = v**2 + 3*v + 3. Let z be n(-2). Suppose -4*j = 0, -4*j - z + 7 = 2*c. Suppose -c*l + 0 = -x - 2, -4*x = 4*l - 56. What is the units digit of x?
0
Suppose 3*g + 2 + 10 = 0, 4*g - 1675 = -v. What is the hundreds digit of v?
6
Suppose -98140 = -3*c + 2*n, -39*c - 2*n = -45*c + 196276. What is the units digit of c?
2
Let m be 300/30 + 1*-3. Let x(n) = -83*n**2 - 2 - 3 - m*n + 84*n**2. What is the tens digit of x(-9)?
3
Let n = 59 + -57. Suppose -5*z + 2587 = 4*m, 4*z + 0*z + n*m = 2066. What is the units digit of z?
5
Suppose -3*b - 266958 = -5*g, -2*g - 2*g - 3*b + 213561 = 0. What is the hundreds digit of g?
3
Suppose 0 = g - 5*g + 56. Let m(d) = -40*d**2 + g + 90*d**2 - 8*d - 48*d**2. What is the units digit of m(6)?
8
Let c(o) = -234*o - 18 - 41 - 19 - 426*o. What is the tens digit of c(-2)?
4
Suppose -2*u = -3*p - 18886 + 92118, u + 97636 = 4*p. What is the tens digit of p?
0
Let p(f) = 20*f**3 + 10*f**2 + 10*f - 108. What is the tens 